 = 0, 0 = -w - b + 13. Suppose -w*a - 200 = -16*a. What is the tens digit of a?
4
Suppose 342 = d - 276. What is the units digit of d?
8
Suppose -10*y + 7*y + 642 = 0. Let p(g) = -g**3 + g**2 + g. Let l be p(0). Suppose l = -4*u + y + 10. What is the tens digit of u?
5
Suppose s + 92 = 3*c, 4*c = 5*c - 5*s - 54. What is the units digit of c?
9
Let q(t) = t**3 + 25*t**2 + 20*t - 46. Let l be q(-24). Let g = 58 - l. What is the units digit of g?
8
Suppose 0 = 14*y - 4*y - 7210. What is the units digit of y?
1
Let a be 1/(-2) - 150/20. What is the tens digit of (-6)/a*(74 + 2)?
5
Let h = 8 - 8. Suppose -a + 9 + 46 = h. What is the tens digit of a?
5
What is the units digit of (-33962)/(-24) + 2/(-24)?
5
Suppose 0*k + 26 = k + 3*n, 5*k = -2*n + 130. Let c = 29 - k. What is the units digit of 4/12*c + 4?
5
Suppose 39*m - 1436 = 5662. What is the units digit of m?
2
Let p be (-1 - 0)*(-15 - -2). Suppose -2*a + p = 3. Suppose l - a*l = -4. What is the units digit of l?
1
Let a(t) = t**2 - 2*t - 7. Suppose -19*l = -22*l - 18. Let x be a(l). Suppose -x = -2*m + 35. What is the units digit of m?
8
Let x(w) = 36*w**3 + 2*w**2 + 5*w - 8. Let b = 104 - 102. What is the tens digit of x(b)?
9
Suppose 2943 = 3*n - 3*h, 288 = -4*n - 4*h + 4244. What is the units digit of n?
5
Let t(o) = -o**3 + 6*o**2 - 5. Let w be t(6). Suppose 2*s = -0*s + 20. What is the tens digit of w/(s/(-42)) + 2?
2
Let c(x) = -2*x**2 + 5*x + 4. Let b be c(-7). Let m = -21 - b. What is the hundreds digit of m?
1
Let w(u) = -391*u - 75. What is the units digit of w(-4)?
9
Suppose 0 = -2*j - m + 609, -627 = -2*j - 0*m + 5*m. What is the hundreds digit of j?
3
Let m(j) = j**3 + 17*j**2 + j - 1. Suppose 2*r - 30 = -4*r. Let x(u) = u**3 + 16*u**2 + 2*u - 1. Let y(p) = r*x(p) - 4*m(p). What is the units digit of y(-11)?
4
What is the tens digit of 20 + (-2)/7 + (-336)/(-147)?
2
Let r = -147 + 243. Let k = 106 - r. What is the units digit of k?
0
Let j(g) be the third derivative of -g**5/60 - 11*g**4/24 - 17*g**3/6 - 6*g**2. Let k be j(-14). Let m = k - -90. What is the units digit of m?
1
Suppose -4*l + 6239 = 3*u, 4*u = 8*l - 3*l - 7822. What is the tens digit of l?
6
Suppose -3*r + 2*p = -7, -2*p + 3 - 5 = 2*r. Let v be 137 + (-4 - -5)/r. Suppose -5*w = -7*i + 2*i + 170, -v = -4*i + 2*w. What is the tens digit of i?
3
Let h = -17 - -20. Suppose -198 = h*d - 2*q, 3*d - 4*q + 199 - 1 = 0. Let v = -33 - d. What is the tens digit of v?
3
Let z be 6*1 - (-9 + 5)/(-2). Suppose -2*g = -z*l + 359 + 187, -g = -4*l + 545. What is the hundreds digit of l?
1
Suppose -48*z + 6*z + 24402 = 0. What is the hundreds digit of z?
5
Let c(r) = 2*r**3 + 46*r - 8. What is the units digit of c(8)?
4
Let r(m) = m**3 - 10*m**2 + 11*m - 15. Let o be r(9). Suppose -3*j - 2*f = -2*j - 46, 163 = o*j + f. What is the units digit of j?
6
Suppose -5*h + 8*j - 4*j + 2252 = 0, -884 = -2*h - 4*j. Let k be 1*-5*h/(-40). Let b = k - 36. What is the tens digit of b?
2
What is the tens digit of (4 - (-130)/(-25))*-575?
9
Let s(d) = d**2 + 9*d + 9. Let h be s(-7). What is the units digit of (33 + -2)*(-2)/(3 + h)?
1
Let l(w) = w - 15. Let f be l(14). What is the units digit of 3 + -5 - 27*f?
5
Suppose -2*a - 16 = 4*s - 88, s - 4*a = 27. Suppose -560 = -s*z + 14*z. What is the tens digit of z?
1
Let d = -201 - -408. Suppose b = -2*b + d. What is the units digit of b?
9
Suppose -2*b - 4*v = -288, 0*b = -b - v + 146. Suppose 2*n + 2*r - r = b, 0 = -r - 4. What is the tens digit of n?
7
Let l(h) = 5*h - h - 2*h + 55. What is the units digit of l(-26)?
3
Let c = 3459 - 2449. What is the hundreds digit of c?
0
Suppose 5*v - 2136 = -5*u + 3154, -5*u - 4*v = -5292. Suppose -38*r + 34*r = -u. What is the hundreds digit of r?
2
Suppose 0*w - 240 = -4*w. Suppose 0 = -7*c + 66 + 11. Let n = w - c. What is the tens digit of n?
4
Let s(c) = c**2 - c - 1. Let h(q) = -q**2 + q + 2. Let g(b) = 2*h(b) + 3*s(b). Let u be g(1). What is the units digit of (-7)/((-1)/(u + 0))?
7
Suppose 0 = 4*w - 4*b - 1076, 0 = -5*w + 4*b + 736 + 605. Suppose -4*h - 2*c = -1090, 2*h - h + 2*c - w = 0. What is the units digit of h?
5
Let n = 68 - 48. Suppose 3*w + n = 5*w. What is the tens digit of w?
1
Let o = 7012 + -3796. What is the units digit of o?
6
What is the tens digit of -1*2*-1*(-9736)/(-16)?
1
Let b = 20 + -17. Suppose -15 = -b*v - 0*v. Suppose -2*n = x - v, -5*n = x + 4*x - 20. What is the units digit of x?
3
Let t be -1 + 4 - (252/(-1))/2. Suppose l + 3*j - 126 = 6*j, -t = -l + 4*j. What is the tens digit of l?
1
Let j be (-10)/6 + (-6)/18. Let x = 2 + j. Suppose 0*r + r - 5 = x. What is the units digit of r?
5
Suppose 28 = b + 5*w, b - 9*w = -4*w - 2. Let v = 13 - b. Suppose 12 - 68 = -4*s + 5*u, 4*s - 2*u - 44 = v. What is the units digit of s?
9
Let m(a) = 3*a + 674. What is the hundreds digit of m(0)?
6
What is the tens digit of 1144 + (7 + 1)*-1?
3
Suppose 3*h - o = 12, 0 = 5*h - 6*o + 3*o - 20. Suppose 3*a + 5*i + 2 - 70 = 0, -4*a + h*i = -80. What is the tens digit of a?
2
Let n(k) = -54*k + 23. Suppose 16*m - 12*m = -16. What is the tens digit of n(m)?
3
Let l = 9 - 9. Let d be l/(3 + -4 + 0). Suppose 2*q - 3*g + g = 12, d = -q - g. What is the units digit of q?
3
Suppose -3*y - 96 = -5*y. Suppose -2*r = -0*r - y. Suppose -4*z = -5*z + r. What is the tens digit of z?
2
Let k(a) = 21*a + 285. What is the units digit of k(30)?
5
Let m(b) = 6*b**2 + 4*b + 34. What is the units digit of m(8)?
0
Let n(m) = -7*m - 86. Let v be n(7). What is the units digit of -1*8*(-17)/((-204)/v)?
0
What is the units digit of 4/(-4) - -307 - 6?
0
Suppose 2*c + 62 = c. Let x = 92 + c. What is the units digit of x?
0
Let c = -455 + 1064. Suppose -2*h - 4 = 0, 3*h + c - 118 = 5*p. What is the tens digit of p?
9
Let p(b) = 2*b**3 - 2*b**2 + 12*b + 20. What is the units digit of p(7)?
2
Let u(v) = -6*v**3 - 9*v**2 - 16*v - 6. Let t be u(-4). Suppose -4*x + t = 2*w, 5*w - 34 - 172 = -3*x. What is the units digit of x?
7
Suppose -29*i + 33*i - 8 = 0. Let u be (-3)/(2*1/(-6)). Suppose -u = -5*n + i*n. What is the units digit of n?
3
Suppose s = 5*s. Let l = 194 - 76. Suppose a = -3*m - s*m + 75, -4*a = 5*m - l. What is the units digit of m?
6
Let b be ((-30)/(-8))/((-1)/(-4)). Suppose 0 = 3*i - b, 5*i = 4*v + 79 + 126. Let f = v - -74. What is the units digit of f?
9
Let q = 106 + -46. Let n = q - -3. What is the tens digit of n?
6
Let h = 29 - -16. Suppose q + 8 = 3*d, 0 = 5*q + 5*d - 0*d + 140. Let u = q + h. What is the tens digit of u?
2
Suppose -1538*x = -1540*x + 2246. What is the thousands digit of x?
1
Let b = 1 - -4. Suppose -4*o + b*l + 69 = 0, o - 9 = -l - 3. What is the tens digit of o?
1
Suppose 5*h + 464 - 159 = 0. What is the units digit of h*1/(-1)*1?
1
Suppose 0 = 5*m - 7*m + 316. Suppose m - 950 = -5*j + 3*a, j = 2*a + 164. What is the hundreds digit of j?
1
Suppose 2*k - 394 = d + 86, 2*d = 0. Suppose -5*c + 7*c = -q + k, -4*q = 3*c - 955. What is the tens digit of q?
3
What is the tens digit of 2891/7 + 3 + 16/(-2)?
0
Suppose -4*f + 5*c = -24, 2 - 1 = 5*f + c. Let j be 0/5 + 30*f. Suppose 4*b + 10 - 30 = 0, l + 2*b - j = 0. What is the tens digit of l?
2
Suppose 7983 + 2718 = 9*g. What is the hundreds digit of g?
1
Suppose -4*d = 2*s - 450 + 144, -2*s - d = -318. Suppose 5*w - s - 84 = 0. What is the tens digit of w?
4
What is the tens digit of 87828/143 + (-2)/11?
1
Let h(z) = 21*z. Let s be ((-4)/(-8))/((-3)/(-6)). Let r be h(s). Suppose 0 = 5*f - 2*f - r. What is the units digit of f?
7
Let g = -146 + 90. Let l be 1 + -1 + g/(-1). Suppose -4*o + 72 = -l. What is the tens digit of o?
3
Let n(t) = 13*t**3 + 2*t**2 + 10*t + 21. What is the units digit of n(4)?
5
Let t = 15 + -11. Suppose -t*j + 280 = -0*j. Suppose 0*k + 5*v = -4*k + j, 3*k + v - 58 = 0. What is the units digit of k?
0
What is the tens digit of ((-1287)/(-18))/(1/6)?
2
Suppose -13*o = -11*o - 200. What is the units digit of o?
0
Suppose -j - 1970 = -2*s + 365, 4650 = 4*s + 2*j. What is the hundreds digit of s?
1
Suppose 509 = 4*j - 4*o - 1155, -3*j + 2*o = -1244. What is the hundreds digit of j?
4
Suppose k - 2*p - 423 = 0, 3*p + 1433 = 5*k - 647. What is the units digit of k?
3
Suppose 2 + 0 = r. Let x be 1*(-4)/r - 31. Let i = -18 - x. What is the units digit of i?
5
Let i(a) = -a**